/2*34*1. Let s be (8/6)/(p/102). List the prime factors of s/(0 + (-2)/(-7)).
2, 7
Let f(d) = 2*d - 27. Let c be f(16). Suppose 2*y - c*b + 410 = -3*y, -5*y - 2*b = 396. Let t = y - -147. What are the prime factors of t?
67
Let d(s) = 122*s**2 - 191*s - 1888. List the prime factors of d(-14).
2, 53, 233
Suppose -l + 20 = 3*w - 5, w = -4*l + 12. What are the prime factors of (-1)/w + 7590/48?
2, 79
Let d(m) = m**3 - 11*m**2 + 18*m - 13. Let g(c) = c**3 + 10*c**2 - 4*c - 31. Let x be g(-10). Let n be d(x). Let z = n + 76. What are the prime factors of z?
3, 7
Suppose 0 = 3*x + 5*t - 1919, -14*t + 1278 = 2*x - 10*t. Let g = x - 111. What are the prime factors of g?
2, 7, 19
Let h(y) = 2739*y + 2081. List the prime factors of h(9).
2, 41, 163
Suppose -5*r - 296 = -r. Let z = -201 + 82. Let i = r - z. What are the prime factors of i?
3, 5
Let d(w) = -18*w**3 - 36*w**2 - 323*w - 17. List the prime factors of d(-10).
3, 19, 103
Let v(r) = 4*r**2 - 13. Let l be v(-9). Let c = -211 + l. Suppose 164 = c*k - 96*k. List the prime factors of k.
41
Let j be 168 - (2 - 2) - 2. Let t = -1638 - -1734. Let a = j - t. List the prime factors of a.
2, 5, 7
Suppose -27*j = -65650 + 8167. Let d = j - 1407. List the prime factors of d.
2, 19
Let b be ((-338)/(-7))/(31/217). Suppose -3*x - 267 = 63. Let k = x + b. What are the prime factors of k?
2, 3, 19
What are the prime factors of (-88)/(-22) + -6 - (2/2 - 7444)?
7, 1063
Let c = -573 + 1836. Suppose -4*i + c = -i. List the prime factors of i.
421
Let i(z) = -73*z**3 - 19*z**2 - 196*z - 67. What are the prime factors of i(-9)?
5, 7, 61
Suppose -10 = 2*h - 2, b = -4*h + 25. Suppose b*a = 14*a + 20790. List the prime factors of a.
2, 5, 7, 11
Suppose 6900 - 26036 = 4*h. Let f be (-51)/(-15) + (-4)/10. List the prime factors of (-2)/f + h/(-39).
2, 61
Let o = -3 + 10. Let k(u) = 11*u**2 + 17 - u**3 + 20 - 12*u - 10 - u. List the prime factors of k(o).
2, 3, 11
Let c(l) = 3*l + 43. Let v be c(-17). Let q(u) = 2*u - 5*u - 17 + 0*u - 3*u. What are the prime factors of q(v)?
31
Let v = -55 - -58. Suppose v = -m + 6. List the prime factors of m/(-1 + (-164)/(-152)).
2, 19
Let a(k) be the third derivative of -k**6/120 + k**5/6 + 5*k**4/8 - 4*k**3/3 + 8*k**2. List the prime factors of a(6).
2, 113
Let y(m) = -m**3 + m**2 + 4*m + 3. Let d be y(-2). Suppose -d = -2*b + 3. Suppose 4*c = -2*f + 296, 718 = b*f + 2*c - 3*c. What are the prime factors of f?
2, 3
Suppose 0*o = -w + 3*o + 245, o + 4 = 0. Let b = 522 + w. List the prime factors of b.
5, 151
Suppose f - 2*z - 3531 = 0, 0 = -3*f + 401*z - 399*z + 10589. What are the prime factors of f?
3529
Let b = -26 + 28. Suppose 0 = -3*p + 4 + 8, -b*t + 1106 = -4*p. List the prime factors of t.
3, 11, 17
Let x be (13 - 4)*(25/(-15) - 6). Let i(j) = 8*j + 2. Let n be i(5). Let p = n - x. What are the prime factors of p?
3, 37
Suppose 5*x - 24 = -2*u + 38, 4*u = -x + 88. What are the prime factors of (0 + 120/5)*u?
2, 3, 7
Suppose 0 = -5*c, -x + 3*c = -5*x - 36. Let d be 1528/6 - (30/x + 4). Suppose -j + 523 = 4*g, 0*g - 2*j + d = 2*g. What are the prime factors of g?
2, 3, 11
Suppose 0 = -3*n + 4411 + 917. Suppose 5*m - 4*s - n - 2423 = 0, -5*m + 4193 = 2*s. List the prime factors of m.
839
Let h(y) = 2*y**2 + 4*y. Let q be h(-4). Let s be ((-2)/(-4))/(4/q). Suppose -a + 90 = s*b, 2*b = b + a + 42. What are the prime factors of b?
2, 11
List the prime factors of (-210)/4*((-232996)/186 + 2*-4).
5, 7, 31, 61
Let d = -30 - -27. Let z be 440/(-15)*d/(-2). Let a = z - -53. What are the prime factors of a?
3
Let l = -185 - -197. Suppose 0 = -l*n + 27*n - 2865. What are the prime factors of n?
191
Suppose c - 20 = -4*x, 2*x - 3*x - 86 = -3*c. What are the prime factors of c/(-42) + (-962)/(-3)?
2, 5
Let d = 24736 + -16350. List the prime factors of d.
2, 7, 599
Suppose 2*l - 24 = -6*l. Suppose 0 = -7*t + l*t - 20, 4*a + 4*t = 4204. List the prime factors of a.
2, 3, 11
Let b = 41868 + -22578. Suppose -b + 2500 = -23*w. What are the prime factors of w?
2, 5, 73
Let q(c) = c**3 + 11*c**2 + 8*c + 2. Let f be q(-6). Let t = f - -104. What are the prime factors of t?
2, 7, 17
Suppose -32*o - 12600 + 253496 = 0. List the prime factors of o.
2, 941
Let g(o) = 3*o**2 + 20*o - 4. Let z be g(-6). Let q = z + 16. List the prime factors of (-8)/((-6)/21 + q).
2, 7
Let j = 50 - 41. Let v be ((-78)/j)/(2/(-9)). Suppose 4*b - v = b. List the prime factors of b.
13
Suppose 3*h - 9 + 9 = 0. Suppose h = 9*f - 3063 - 4866. What are the prime factors of f?
881
Let w(m) = m**2 + 14*m - 85. Suppose u = 5*n + 101, 0 = 2*n + 4*u - 9 + 45. List the prime factors of w(n).
5, 7
List the prime factors of ((-5)/(5/(-2356)))/((-17)/(170/(-5))).
2, 19, 31
Suppose 4*c + 92 - 268 = 4*q, -5*q - 97 = -2*c. Suppose -n - 2*y + 7 = -0*n, -4*n + c = -5*y. List the prime factors of (-2 - 12)*(n + -10).
2, 7
Suppose 4*k = 5*c - 71, -3*c - 50 + 11 = k. Let o be -41*(1 - 2 - -2). Let q = k - o. List the prime factors of q.
17
Let b(t) = 3*t**2 - 2*t + 14. Let c = -44 - -33. List the prime factors of b(c).
3, 7, 19
Suppose 393 = -3*k + 21*h - 20*h, -2*k = 5*h + 262. Let j = k + 358. List the prime factors of j.
227
Let c(v) = 6*v**3 + 3*v**2 - 4. Let o be c(-3). Let b = o - -228. List the prime factors of b.
89
Suppose -3*i = 2*c - 12287 - 11610, 5*c - 4*i - 59754 = 0. What are the prime factors of c?
2, 5, 239
Let b = 50 + -60. Let o be -4 + 9/(-15) + (-6)/b. What are the prime factors of 3/(-25 - o) + (-1094)/(-14)?
2, 3, 13
Suppose 24*u + 35*u - 15*u = 288772. List the prime factors of u.
6563
Let q(d) = 201*d**2 + 50*d. List the prime factors of q(7).
7, 31, 47
Let i(a) = -4*a**3 + 5*a**3 + 0*a**3 - a**2 + 0*a**2. Let d(z) = 5*z**3 + 6*z - 2. Let u(w) = d(w) - 6*i(w). List the prime factors of u(4).
2, 3
Let f = 7635 + 12941. What are the prime factors of f?
2, 643
Suppose 3*z + y = 11164 + 25008, -4 = -4*y. What are the prime factors of z?
3, 4019
Suppose -6*h + 43692 + 38168 + 6292 = 0. What are the prime factors of h?
2, 3673
Suppose 92*a - 764720 = 1007936. What are the prime factors of a?
2, 4817
Let r(j) = 2*j**2 - 155*j + 200. What are the prime factors of r(-100)?
2, 3, 5, 7, 17
Let x(b) = 611*b - 538. List the prime factors of x(59).
3, 7, 19, 89
Suppose -4*r = 11*t - 8*t - 219, 0 = 5*r + 4*t - 273. Suppose -53*z - 16 = -r*z. List the prime factors of z.
2
Suppose 2*u - 72 = -4. Let h = -145 + u. Let k = -69 - h. List the prime factors of k.
2, 3, 7
What are the prime factors of 10890/(-11)*3/(-2)?
3, 5, 11
What are the prime factors of 130314*(3/7 + 34/(-357))?
2, 37, 587
Let n = 2782 - 995. What are the prime factors of n?
1787
Suppose -36 = -3*g - 78. Let u(i) = 5*i**2 + 23*i + 34. What are the prime factors of u(g)?
2, 173
Suppose -6*v + 0*v = -0*v. Let n(o) = -o**2 - 3*o + 565. Let m be n(v). Suppose -f - 611 = -4*d + 157, 3*d = -2*f + m. What are the prime factors of d?
191
Let a(c) = 507*c**2 - 50*c + 190. List the prime factors of a(4).
2, 4051
Let s(m) = m**2 - 2*m + 142. Let n be s(31). Let h = n - 395. List the prime factors of h.
2, 17, 19
Let r = 63 + -48. Let x be r/40 + 27/(-8). List the prime factors of (24/x)/2*-11.
2, 11
Let j(r) be the third derivative of -5*r**4/24 + r**3/3 + 12*r**2. Let n be j(1). List the prime factors of n/((-90)/(-12))*5*-13.
2, 13
Let s be -5 + -7 - 1778/(-2). Let o = 1 - -5. Suppose -o*v + s = -83. What are the prime factors of v?
2, 5
Let b be ((-13)/(260/(-712)))/(2/5). What are the prime factors of b - ((-20)/(-4) - 4)?
2, 11
Let b be (-2 + 2)/(5 + -3) - 3. Let j(l) = l**2 + 6*l + 7. Let h be j(b). What are the prime factors of (-3180)/(-40) + h/(-4)?
2, 5
Let w = -177 + 179. Suppose -4*z + 2424 = w*z. List the prime factors of z.
2, 101
Suppose o + 3*w = -o + 11362, -5*o + w + 28439 = 0. List the prime factors of o.
11, 47
Let t be 10 - 13 - (-1 + -5) - -135. Suppose -12*a - t = -7590. What are the prime factors of a?
3, 23
Let t(u) = -6*u**3 - 7*u**2 + 8*u + 2. Let o be t(2). Let p = o + 66. Suppose -5*h - 2*i + 1224 = 0, -i = -5*i + p. List the prime factors of h.
2, 61
Suppose 72*p = 70*p + 30. Suppose -3*t = -p, -z + 3*t = -86 - 85. Suppose -5*v = -5, -v - z = 5*r - 887. What are the prime factors of r?
2, 5, 7
Let v = 9505 + 6158. What are the prime factors of v?